{"id":53,"name":"sygnalisci","title":"Sygnali\u015bci","desc":"","header":"Sygnali\u015bci","lead":"","keywords":"","changes":"zmiana zapisu","menu":"","path":"\/sygnalisci.html","url":"\/sygnalisci.html","infoOwner":"Zarz\u0105d Dr\u00f3g Wojew\u00f3dzkich w Katowicach","dateFirstPublicate":"2023-09-06 09:43:10","dateLastVersionPublicate":"2024-01-02 10:33:08","dateAvailableFrom":"2023-09-06 09:42:54","dateAvailableTo":"","type":"jednostki_Zwyk\u0142a","pageParams":[],"components":[{"id":"93bb94fe-7312-11e9-90c1-000c290e6fc2","type":"SectionDescription","name":"","description":"Zajawka sekcji","content":[]},{"id":"93bbe8e3-7312-11e9-90c1-000c290e6fc2","type":"PageTitle","name":"Tytu\u0142 strony","description":"Tytu\u0142 strony","content":{"title":"Sygnali\u015bci"}},{"id":"93bc435c-7312-11e9-90c1-000c290e6fc2","type":"PageDescription","name":"","description":"Zajawka strony","content":[]},{"id":"93bcef8e-7312-11e9-90c1-000c290e6fc2","type":"ContentWYSIWYG","name":"Tre\u015b\u0107","description":"Tre\u015b\u0107 strony","content":{"content":"\u003Cp\u003E\u003Cstrong\u003EPodstawa prawna\u003C\/strong\u003E\u003C\/p\u003E\n\u003Cp\u003E\u003Cstrong\u003E\u003C\/strong\u003E\u003Cspan role=\u0022presentation\u0022 dir=\u0022ltr\u0022\u003EDyrektywa Parlamentu Europejskiego i Rady (UE) 2019\/1937 z\u003C\/span\u003E\u003Cspan role=\u0022presentation\u0022 dir=\u0022ltr\u0022\u003E\u003Cspan\u003E\u00a0\u003C\/span\u003E\u003C\/span\u003E\u003Cspan role=\u0022presentation\u0022 dir=\u0022ltr\u0022\u003Ednia\u00a0\u003C\/span\u003E\u003Cspan role=\u0022presentation\u0022 dir=\u0022ltr\u0022\u003E23 pa\u017adziernika 2019 r. w sprawie ochrony os\u00f3b zg\u0142aszaj\u0105cych naruszenia prawa Unii\u00a0\u003C\/span\u003E\u003C\/p\u003E\n\u003Cp\u003E\u003Cstrong\u003ECel Dyrektywy\u003C\/strong\u003E\u003C\/p\u003E\n\u003Cp\u003E\u003Cstrong\u003E\u003C\/strong\u003E\u003Cspan role=\u0022presentation\u0022 dir=\u0022ltr\u0022\u003ECelem Dyrektywy jest udost\u0119pnienie bezpiecznych kana\u0142\u00f3w wewn\u0119trznych, do zg\u0142osze\u0144\u00a0\u003C\/span\u003E\u003Cspan role=\u0022presentation\u0022 dir=\u0022ltr\u0022\u003Enieprawid\u0142owo\u015bci w instytucji zapewniaj\u0105cych wysoki poziom ochrony os\u00f3b zawiadamiaj\u0105cych o\u00a0\u003C\/span\u003E\u003Cspan role=\u0022presentation\u0022 dir=\u0022ltr\u0022\u003Enaruszeniach prawa Unii, co prze\u0142o\u017cy\u0107 si\u0119 ma na popraw\u0119 egzekwowania polityk i prawa Unii w\u00a0\u003C\/span\u003E\u003Cspan role=\u0022presentation\u0022 dir=\u0022ltr\u0022\u003Eokre\u015blonych dziedzinach.\u003Cbr \/\u003E\u003C\/span\u003E\u003Cspan role=\u0022presentation\u0022 dir=\u0022ltr\u0022\u003ESygnalista to osoba zg\u0142aszaj\u0105ca nieprawid\u0142owo\u015bci i\/lub naruszenia prawa Unii w zak\u0142adzie pracy i\u00a0\u003C\/span\u003E\u003Cspan role=\u0022presentation\u0022 dir=\u0022ltr\u0022\u003Etym samym odgrywa kluczow\u0105 rol\u0119 w ich ujawnianiu i zapobieganiu im oraz w ochronie dobra\u00a0\u003C\/span\u003E\u003Cspan role=\u0022presentation\u0022 dir=\u0022ltr\u0022\u003Epublicznego.\u003C\/span\u003E\u003Cbr role=\u0022presentation\u0022 \/\u003E\u003Cbr \/\u003E\u003C\/p\u003E","promotion":false}},{"id":"93bd42ce-7312-11e9-90c1-000c290e6fc2","type":"Gallery","name":"Galeria","description":"Galeria"},{"id":"93bd956b-7312-11e9-90c1-000c290e6fc2","type":"Attachment","name":"Za\u0142\u0105czniki","description":"Za\u0142\u0105czniki do strony","content":[{"src":"\/resource\/70\/Dyrektywa+Parlamentu+Europejskiego.pdf","extension":"PDF","name":"3818adb6fa584ed57dc8d1a49f46adde.pdf","size":"1.77 MB"}]},{"id":"d63e71ef-92cf-11f0-b976-00505697ccff","type":"PageThumbnail","name":"","description":"Miniaturka strony","content":[]}]}

Sygnaliści

Zarząd Dróg Wojewódzkich w Katowicach

jednostki_Zwykła

Tytuł strony

Treść

Treść strony

<p><strong>Podstawa prawna</strong></p>
<p><strong></strong><span role="presentation" dir="ltr">Dyrektywa Parlamentu Europejskiego i Rady (UE) 2019/1937 z</span><span role="presentation" dir="ltr"><span> </span></span><span role="presentation" dir="ltr">dnia </span><span role="presentation" dir="ltr">23 października 2019 r. w sprawie ochrony osób zgłaszających naruszenia prawa Unii </span></p>
<p><strong>Cel Dyrektywy</strong></p>
<p><strong></strong><span role="presentation" dir="ltr">Celem Dyrektywy jest udostępnienie bezpiecznych kanałów wewnętrznych, do zgłoszeń </span><span role="presentation" dir="ltr">nieprawidłowości w instytucji zapewniających wysoki poziom ochrony osób zawiadamiających o </span><span role="presentation" dir="ltr">naruszeniach prawa Unii, co przełożyć się ma na poprawę egzekwowania polityk i prawa Unii w </span><span role="presentation" dir="ltr">określonych dziedzinach.<br /></span><span role="presentation" dir="ltr">Sygnalista to osoba zgłaszająca nieprawidłowości i/lub naruszenia prawa Unii w zakładzie pracy i </span><span role="presentation" dir="ltr">tym samym odgrywa kluczową rolę w ich ujawnianiu i zapobieganiu im oraz w ochronie dobra </span><span role="presentation" dir="ltr">publicznego.</span><br role="presentation" /><br /></p>

Załączniki

Załączniki do strony
