{"id":155,"name":"petycja-zadanie-w-sprawie-ulokowania-przystanku-na-zadanie-przy-dw-492","title":"Petycja-\u017c\u0105danie w sprawie ulokowania przystank\u00f3w na \u017c\u0105danie przy DW 492 i DW 494","desc":"","header":"Petycja-\u017c\u0105danie w sprawie ulokowania przystank\u00f3w na \u017c\u0105danie przy DW 492 i DW 494","lead":"","keywords":"","changes":"Dodanie odpowiedzi na petycje","menu":"","path":"\/sprawy-w-urzedzie\/przebieg-zalatwianych-petycji\/petycja-zadanie-w-sprawie-ulokowania-przystanku-na-zadanie-przy-dw-492.html","url":"\/sprawy-w-urzedzie\/przebieg-zalatwianych-petycji\/petycja-zadanie-w-sprawie-ulokowania-przystanku-na-zadanie-przy-dw-492.html","infoOwner":"Zarz\u0105d Dr\u00f3g Wojew\u00f3dzkich w Katowicach","dateFirstPublicate":"2025-03-10 15:05:16","dateLastVersionPublicate":"2025-06-23 07:43:15","dateAvailableFrom":"","dateAvailableTo":"","type":"jednostki_Zwyk\u0142a","pageParams":[],"components":[{"id":"93bb94fe-7312-11e9-90c1-000c290e6fc2","type":"SectionDescription","name":"","description":"Zajawka sekcji","content":[]},{"id":"93bbe8e3-7312-11e9-90c1-000c290e6fc2","type":"PageTitle","name":"Tytu\u0142 strony","description":"Tytu\u0142 strony","content":{"title":"Petycja-\u017c\u0105danie w sprawie ulokowania przystank\u00f3w na \u017c\u0105danie przy DW 492 i DW 494"}},{"id":"93bc435c-7312-11e9-90c1-000c290e6fc2","type":"PageDescription","name":"","description":"Zajawka strony","content":[]},{"id":"93bcef8e-7312-11e9-90c1-000c290e6fc2","type":"ContentWYSIWYG","name":"Tre\u015b\u0107","description":"Tre\u015b\u0107 strony","content":{"content":"\u003Cp style=\u0022box-sizing: border-box; margin: 0px 0px 20px; color: #555555; font-family: Arial, sans-serif;\u0022\u003E\u003Cspan style=\u0022box-sizing: border-box; font-weight: bold;\u0022\u003ENr.:\u003C\/span\u003E\u003Cspan style=\u0022box-sizing: border-box;\u0022\u003E\u00a0WI-K.5238\/2025\u003C\/span\u003E\u003Cbr style=\u0022box-sizing: border-box;\u0022 \/\u003E\u003Cspan style=\u0022box-sizing: border-box; font-weight: bold;\u0022\u003EData dokumentu:\u003C\/span\u003E\u003Cspan style=\u0022box-sizing: border-box;\u0022\u003E\u00a006.03.2025\u003C\/span\u003E\u003C\/p\u003E\n\u003Cp style=\u0022box-sizing: border-box; margin: 0px 0px 20px; color: #555555; font-family: Arial, sans-serif;\u0022\u003EData z\u0142o\u017cenia: 06.03.2025\u003C\/p\u003E\n\u003Cp style=\u0022box-sizing: border-box; margin: 0px 0px 20px; color: #555555; font-family: Arial, sans-serif;\u0022\u003EPrzedmiot: Petycja \u2013 \u017c\u0105danie\u00a0w sprawie\u00a0ulokowania przystanku na \u017c\u0105danie przy DW 492\u003C\/p\u003E\n\u003Cp style=\u0022box-sizing: border-box; margin: 0px 0px 20px; color: #555555; font-family: Arial, sans-serif;\u0022\u003E\u003Cspan style=\u0022box-sizing: border-box; font-weight: bold;\u0022\u003E\u003C\/span\u003E\u003C\/p\u003E\n\u003Cp style=\u0022box-sizing: border-box; margin: 0px 0px 20px; color: #555555; font-family: Arial, sans-serif;\u0022\u003ESk\u0142adaj\u0105cy: Brak zgody o kt\u00f3rej mowa w art. 4 ust. 3 ustawy o petycjach - petycja\u003C\/p\u003E\n\u003Cp style=\u0022box-sizing: border-box; margin: 0px 0px 20px; color: #555555; font-family: Arial, sans-serif;\u0022\u003EPrzewidywany termin za\u0142atwienia sprawy od: 06-03-2025\u003C\/p\u003E\n\u003Cp style=\u0022box-sizing: border-box; margin: 0px 0px 20px; color: #555555; font-family: Arial, sans-serif;\u0022\u003EPrzewidywany termin za\u0142atwienia sprawy do: 06-06-2025\u003C\/p\u003E","promotion":false}},{"id":"93bd42ce-7312-11e9-90c1-000c290e6fc2","type":"Gallery","name":"Galeria","description":"Galeria"},{"id":"93bd956b-7312-11e9-90c1-000c290e6fc2","type":"Attachment","name":"Za\u0142\u0105czniki","description":"Za\u0142\u0105czniki do strony","content":[{"src":"\/resource\/175\/odpowied%25C5%25BA+na+petycj%25C4%2599.pdf","extension":"PDF","name":"09da8475430a104091fd77d07a4c979a.pdf","size":"171.13 KB"},{"src":"\/resource\/175\/Petycja+339-2025.pdf","extension":"PDF","name":"097e44cf3e492eacfedeb6806e954765.pdf","size":"210.49 KB"},{"src":"\/resource\/175\/Za%25C5%2582%25C4%2585czniki_do+petycji.PDF","extension":"PDF","name":"b8402c6512802cc5f9a04548a5cacfe0.PDF","size":"327.3 KB"}]},{"id":"d63e71ef-92cf-11f0-b976-00505697ccff","type":"PageThumbnail","name":"","description":"Miniaturka strony","content":[]}]}

Petycja-żądanie w sprawie ulokowania przystanków na żądanie przy DW 492 i DW 494

Zarząd Dróg Wojewódzkich w Katowicach

jednostki_Zwykła

Tytuł strony

Treść

Treść strony

<p style="box-sizing: border-box; margin: 0px 0px 20px; color: #555555; font-family: Arial, sans-serif;"><span style="box-sizing: border-box; font-weight: bold;">Nr.:</span><span style="box-sizing: border-box;"> WI-K.5238/2025</span><br style="box-sizing: border-box;" /><span style="box-sizing: border-box; font-weight: bold;">Data dokumentu:</span><span style="box-sizing: border-box;"> 06.03.2025</span></p>
<p style="box-sizing: border-box; margin: 0px 0px 20px; color: #555555; font-family: Arial, sans-serif;">Data złożenia: 06.03.2025</p>
<p style="box-sizing: border-box; margin: 0px 0px 20px; color: #555555; font-family: Arial, sans-serif;">Przedmiot: Petycja – żądanie w sprawie ulokowania przystanku na żądanie przy DW 492</p>
<p style="box-sizing: border-box; margin: 0px 0px 20px; color: #555555; font-family: Arial, sans-serif;"><span style="box-sizing: border-box; font-weight: bold;"></span></p>
<p style="box-sizing: border-box; margin: 0px 0px 20px; color: #555555; font-family: Arial, sans-serif;">Składający: Brak zgody o której mowa w art. 4 ust. 3 ustawy o petycjach - petycja</p>
<p style="box-sizing: border-box; margin: 0px 0px 20px; color: #555555; font-family: Arial, sans-serif;">Przewidywany termin załatwienia sprawy od: 06-03-2025</p>
<p style="box-sizing: border-box; margin: 0px 0px 20px; color: #555555; font-family: Arial, sans-serif;">Przewidywany termin załatwienia sprawy do: 06-06-2025</p>

Załączniki

Załączniki do strony
