{"id":158,"name":"petycja---zadanie-w-sprawie-bezpieczenstwa-w-ruchu-drogowym","title":"Petycja - \u017c\u0105danie w sprawie bezpiecze\u0144stwa w ruchu drogowym","desc":"","header":"Petycja - \u017c\u0105danie w sprawie bezpiecze\u0144stwa w ruchu drogowym","lead":"","keywords":"","changes":"dodanie odpowiedzi na petycj\u0119","menu":"","path":"\/sprawy-w-urzedzie\/przebieg-zalatwianych-petycji\/petycja---zadanie-w-sprawie-bezpieczenstwa-w-ruchu-drogowym.html","url":"\/sprawy-w-urzedzie\/przebieg-zalatwianych-petycji\/petycja---zadanie-w-sprawie-bezpieczenstwa-w-ruchu-drogowym.html","infoOwner":"Zarz\u0105d Dr\u00f3g Wojew\u00f3dzkich w Katowicach","dateFirstPublicate":"2025-03-28 13:32:24","dateLastVersionPublicate":"2025-05-21 15:13:39","dateAvailableFrom":"","dateAvailableTo":"","type":"jednostki_Zwyk\u0142a","pageParams":[],"components":[{"id":"93bb94fe-7312-11e9-90c1-000c290e6fc2","type":"SectionDescription","name":"","description":"Zajawka sekcji","content":[]},{"id":"93bbe8e3-7312-11e9-90c1-000c290e6fc2","type":"PageTitle","name":"Tytu\u0142 strony","description":"Tytu\u0142 strony","content":{"title":"Petycja - \u017c\u0105danie w sprawie bezpiecze\u0144stwa w ruchu drogowym"}},{"id":"93bc435c-7312-11e9-90c1-000c290e6fc2","type":"PageDescription","name":"","description":"Zajawka strony","content":[]},{"id":"93bcef8e-7312-11e9-90c1-000c290e6fc2","type":"ContentWYSIWYG","name":"Tre\u015b\u0107","description":"Tre\u015b\u0107 strony","content":{"content":"\u003Cp\u003E\u003Cspan\u003ENr.:\u003C\/span\u003E\u003Cspan\u003E\u00a0WD-I.394\/2025\u003C\/span\u003E\u003Cbr \/\u003E\u003Cspan\u003EData dokumentu:\u003C\/span\u003E\u003Cspan\u003E\u00a023.03.2025\u003C\/span\u003E\u003C\/p\u003E\n\u003Cp\u003EData z\u0142o\u017cenia: 24.03.2025\u003C\/p\u003E\n\u003Cp\u003EPrzedmiot: Petycja - \u017c\u0105danie w\u00a0zakresie bezpiecze\u0144stwa w ruchu drogowym\u003C\/p\u003E\n\u003Cp\u003E\u003Cspan\u003E\u003C\/span\u003E\u003C\/p\u003E\n\u003Cp\u003ESk\u0142adaj\u0105cy: Brak zgody o kt\u00f3rej mowa w art. 4 ust. 3 ustawy o petycjach - petycja\u003C\/p\u003E\n\u003Cp\u003EPrzewidywany termin za\u0142atwienia sprawy od: 24-03-2025\u003C\/p\u003E\n\u003Cp\u003EPrzewidywany termin za\u0142atwienia sprawy do: 24-06-2025\u003C\/p\u003E","promotion":false}},{"id":"93bd42ce-7312-11e9-90c1-000c290e6fc2","type":"Gallery","name":"Galeria","description":"Galeria"},{"id":"93bd956b-7312-11e9-90c1-000c290e6fc2","type":"Attachment","name":"Za\u0142\u0105czniki","description":"Za\u0142\u0105czniki do strony","content":[{"src":"\/resource\/178\/odpowied%25C5%25BC+na+petycj%25C4%2599+394_25.pdf","extension":"PDF","name":"a0edf0dbd87818c9eb7b35454da6e2f7.pdf","size":"236.84 KB"},{"src":"\/resource\/178\/petycja+394_25.pdf","extension":"PDF","name":"1c2d595aebc7d810a366ab7c4451d1fa.pdf","size":"425.46 KB"}]},{"id":"d63e71ef-92cf-11f0-b976-00505697ccff","type":"PageThumbnail","name":"","description":"Miniaturka strony","content":[]}]}

Petycja - żądanie w sprawie bezpieczeństwa w ruchu drogowym

dodanie odpowiedzi na petycję

Zarząd Dróg Wojewódzkich w Katowicach

jednostki_Zwykła

Tytuł strony

Treść

Treść strony

<p><span>Nr.:</span><span> WD-I.394/2025</span><br /><span>Data dokumentu:</span><span> 23.03.2025</span></p>
<p>Data złożenia: 24.03.2025</p>
<p>Przedmiot: Petycja - żądanie w zakresie bezpieczeństwa w ruchu drogowym</p>
<p><span></span></p>
<p>Składający: Brak zgody o której mowa w art. 4 ust. 3 ustawy o petycjach - petycja</p>
<p>Przewidywany termin załatwienia sprawy od: 24-03-2025</p>
<p>Przewidywany termin załatwienia sprawy do: 24-06-2025</p>

Załączniki

Załączniki do strony
