{"id":148,"name":"petycja---zadanie-w-celu-wprowadzenia-zmiany-organizacji-ruchu-we-wreczycy-wielkiej","title":"Petycja - \u017c\u0105danie w celu wprowadzenia zmiany organizacji ruchu we Wr\u0119czycy Wielkiej","desc":"","header":"Petycja - \u017c\u0105danie w celu wprowadzenia zmiany organizacji ruchu we Wr\u0119czycy Wielkiej","lead":"","keywords":"","changes":"weryfikacja petycji","menu":"","path":"\/sprawy-w-urzedzie\/przebieg-zalatwianych-petycji\/petycja---zadanie-w-celu-wprowadzenia-zmiany-organizacji-ruchu-we-wreczycy-wielkiej.html","url":"\/sprawy-w-urzedzie\/przebieg-zalatwianych-petycji\/petycja---zadanie-w-celu-wprowadzenia-zmiany-organizacji-ruchu-we-wreczycy-wielkiej.html","infoOwner":"Zarz\u0105d Dr\u00f3g Wojew\u00f3dzkich w Katowicach","dateFirstPublicate":"2025-01-30 09:40:19","dateLastVersionPublicate":"2025-05-15 09:20:55","dateAvailableFrom":"","dateAvailableTo":"","type":"jednostki_Zwyk\u0142a","pageParams":[],"components":[{"id":"93bb94fe-7312-11e9-90c1-000c290e6fc2","type":"SectionDescription","name":"","description":"Zajawka sekcji","content":[]},{"id":"93bbe8e3-7312-11e9-90c1-000c290e6fc2","type":"PageTitle","name":"Tytu\u0142 strony","description":"Tytu\u0142 strony","content":{"title":"Petycja - \u017c\u0105danie w celu wprowadzenia zmiany organizacji ruchu we Wr\u0119czycy Wielkiej"}},{"id":"93bc435c-7312-11e9-90c1-000c290e6fc2","type":"PageDescription","name":"","description":"Zajawka strony","content":[]},{"id":"93bcef8e-7312-11e9-90c1-000c290e6fc2","type":"ContentWYSIWYG","name":"Tre\u015b\u0107","description":"Tre\u015b\u0107 strony","content":{"content":"\u003Cp style=\u0022box-sizing: border-box; margin: 0px 0px 20px; color: #555555; font-family: Arial, sans-serif;\u0022\u003E\u003Cspan style=\u0022box-sizing: border-box; font-weight: bold;\u0022\u003ENr.:\u003C\/span\u003E\u003Cspan style=\u0022box-sizing: border-box;\u0022\u003E\u00a0WD-I.1041\/2025\u003C\/span\u003E\u003Cbr style=\u0022box-sizing: border-box;\u0022 \/\u003E\u003Cspan style=\u0022box-sizing: border-box; font-weight: bold;\u0022\u003EData dokumentu:\u003C\/span\u003E\u003Cspan style=\u0022box-sizing: border-box;\u0022\u003E\u00a017-01-2025\u003C\/span\u003E\u003C\/p\u003E\n\u003Cp style=\u0022box-sizing: border-box; margin: 0px 0px 20px; color: #555555; font-family: Arial, sans-serif;\u0022\u003EData z\u0142o\u017cenia: 17-01-2025\u003C\/p\u003E\n\u003Cp style=\u0022box-sizing: border-box; margin: 0px 0px 20px; color: #555555; font-family: Arial, sans-serif;\u0022\u003EPrzedmiot: Petycja \u2013 \u017c\u0105danie\u00a0w\u00a0celu wprowadzenia zmiany organizacji ruchu we Wr\u0119czycy Wielkiej\u003C\/p\u003E\n\u003Cp style=\u0022box-sizing: border-box; margin: 0px 0px 20px; color: #555555; font-family: Arial, sans-serif;\u0022\u003E\u003Cspan style=\u0022box-sizing: border-box; font-weight: bold;\u0022\u003E\u003C\/span\u003ESk\u0142adaj\u0105cy: Brak zgody o kt\u00f3rej mowa w art. 4 ust. 3 ustawy o petycjach - petycja\u003C\/p\u003E\n\u003Cp style=\u0022box-sizing: border-box; margin: 0px 0px 20px; color: #555555; font-family: Arial, sans-serif;\u0022\u003EPrzewidywany termin za\u0142atwienia sprawy od: 17-01-2025\u003C\/p\u003E\n\u003Cp style=\u0022box-sizing: border-box; margin: 0px 0px 20px; color: #555555; font-family: Arial, sans-serif;\u0022\u003EPrzewidywany termin za\u0142atwienia sprawy do: 17-04-2025\u003C\/p\u003E","promotion":false}},{"id":"93bd42ce-7312-11e9-90c1-000c290e6fc2","type":"Gallery","name":"Galeria","description":"Galeria"},{"id":"93bd956b-7312-11e9-90c1-000c290e6fc2","type":"Attachment","name":"Za\u0142\u0105czniki","description":"Za\u0142\u0105czniki do strony","content":[{"src":"\/resource\/168\/odpowiedz+na+petycj%25C4%2599+65a-2025.pdf","extension":"PDF","name":"738a0d0b6647cbfb24a5a8236128bebe.pdf","size":"231.55 KB"},{"src":"\/resource\/168\/petycja+65a-2025.pdf","extension":"PDF","name":"7d756e2f9bcd8125318f3225497ef89b.pdf","size":"302.08 KB"},{"src":"\/resource\/168\/Za%25C5%2582acznik+do+petycji+65a-2025.png","extension":"PNG","name":"3eae468ac4262c0b22d06f91565d0e9f.png","size":"3.06 MB"}]},{"id":"d63e71ef-92cf-11f0-b976-00505697ccff","type":"PageThumbnail","name":"","description":"Miniaturka strony","content":[]}]}

Petycja - żądanie w celu wprowadzenia zmiany organizacji ruchu we Wręczycy Wielkiej

Zarząd Dróg Wojewódzkich w Katowicach

jednostki_Zwykła

Tytuł strony

Treść

Treść strony

<p style="box-sizing: border-box; margin: 0px 0px 20px; color: #555555; font-family: Arial, sans-serif;"><span style="box-sizing: border-box; font-weight: bold;">Nr.:</span><span style="box-sizing: border-box;"> WD-I.1041/2025</span><br style="box-sizing: border-box;" /><span style="box-sizing: border-box; font-weight: bold;">Data dokumentu:</span><span style="box-sizing: border-box;"> 17-01-2025</span></p>
<p style="box-sizing: border-box; margin: 0px 0px 20px; color: #555555; font-family: Arial, sans-serif;">Data złożenia: 17-01-2025</p>
<p style="box-sizing: border-box; margin: 0px 0px 20px; color: #555555; font-family: Arial, sans-serif;">Przedmiot: Petycja – żądanie w celu wprowadzenia zmiany organizacji ruchu we Wręczycy Wielkiej</p>
<p style="box-sizing: border-box; margin: 0px 0px 20px; color: #555555; font-family: Arial, sans-serif;"><span style="box-sizing: border-box; font-weight: bold;"></span>Składający: Brak zgody o której mowa w art. 4 ust. 3 ustawy o petycjach - petycja</p>
<p style="box-sizing: border-box; margin: 0px 0px 20px; color: #555555; font-family: Arial, sans-serif;">Przewidywany termin załatwienia sprawy od: 17-01-2025</p>
<p style="box-sizing: border-box; margin: 0px 0px 20px; color: #555555; font-family: Arial, sans-serif;">Przewidywany termin załatwienia sprawy do: 17-04-2025</p>

Załączniki

Załączniki do strony
